{"id":80,"date":"2017-12-18T16:38:06","date_gmt":"2017-12-18T19:38:06","guid":{"rendered":"http:\/\/www.institutoprueger.com.ar\/e-learning\/?page_id=80"},"modified":"2017-12-18T16:38:06","modified_gmt":"2017-12-18T19:38:06","slug":"inscripciones-2018","status":"publish","type":"page","link":"https:\/\/institutoprueger.net.ar\/e-learning\/inscripciones-2018\/","title":{"rendered":"Inscripciones"},"content":{"rendered":"<p><a href=\"http:\/\/www.institutoprueger.com.ar\/e-learning\/inscripciones-2018\/inscripcion-a-especialidad\/\">Inscripciones a especialidad completa aqu\u00ed<\/a><\/p>\n<p><a href=\"http:\/\/www.institutoprueger.com.ar\/e-learning\/inscripciones-2018\/inscripcion-a-eclase\/\">Inscripciones a una s\u00f3la eClase aqu\u00ed<\/a><\/p>\n","protected":false},"excerpt":{"rendered":"<p>Inscripciones a especialidad completa aqu\u00ed Inscripciones a una s\u00f3la eClase aqu\u00ed<\/p>\n","protected":false},"author":1,"featured_media":0,"parent":0,"menu_order":0,"comment_status":"closed","ping_status":"closed","template":"","meta":{"footnotes":""},"class_list":["post-80","page","type-page","status-publish","hentry"],"_links":{"self":[{"href":"https:\/\/institutoprueger.net.ar\/e-learning\/wp-json\/wp\/v2\/pages\/80","targetHints":{"allow":["GET"]}}],"collection":[{"href":"https:\/\/institutoprueger.net.ar\/e-learning\/wp-json\/wp\/v2\/pages"}],"about":[{"href":"https:\/\/institutoprueger.net.ar\/e-learning\/wp-json\/wp\/v2\/types\/page"}],"author":[{"embeddable":true,"href":"https:\/\/institutoprueger.net.ar\/e-learning\/wp-json\/wp\/v2\/users\/1"}],"replies":[{"embeddable":true,"href":"https:\/\/institutoprueger.net.ar\/e-learning\/wp-json\/wp\/v2\/comments?post=80"}],"version-history":[{"count":0,"href":"https:\/\/institutoprueger.net.ar\/e-learning\/wp-json\/wp\/v2\/pages\/80\/revisions"}],"wp:attachment":[{"href":"https:\/\/institutoprueger.net.ar\/e-learning\/wp-json\/wp\/v2\/media?parent=80"}],"curies":[{"name":"wp","href":"https:\/\/api.w.org\/{rel}","templated":true}]}}